{"id":393,"date":"2025-08-07T15:15:14","date_gmt":"2025-08-07T15:15:14","guid":{"rendered":"https:\/\/micromacroart.com\/micro\/?page_id=393"},"modified":"2025-11-07T09:03:48","modified_gmt":"2025-11-07T07:03:48","slug":"potenziertes-malen","status":"publish","type":"page","link":"https:\/\/micromacroart.com\/micro\/potenziertes-malen\/","title":{"rendered":"Potenziertes Malen"},"content":{"rendered":"<p>[et_pb_section fb_built=&#8220;1&#8243; admin_label=&#8220;Header&#8220; _builder_version=&#8220;4.21.2&#8243; _module_preset=&#8220;default&#8220; custom_padding=&#8220;||||false|false&#8220; collapsed=&#8220;on&#8220; global_colors_info=&#8220;{}&#8220;][et_pb_row _builder_version=&#8220;4.21.2&#8243; _module_preset=&#8220;default&#8220; custom_margin=&#8220;0px||0px||false|false&#8220; custom_padding=&#8220;0px||0px||false|false&#8220; global_colors_info=&#8220;{}&#8220;][et_pb_column type=&#8220;4_4&#8243; _builder_version=&#8220;4.20.0&#8243; _module_preset=&#8220;default&#8220; global_colors_info=&#8220;{}&#8220;][et_pb_text _builder_version=&#8220;4.20.0&#8243; _module_preset=&#8220;305128c6-9813-4b79-b7b9-7139d3703b88&#8243; text_orientation=&#8220;center&#8220; global_colors_info=&#8220;{}&#8220;]<\/p>\n<h1>Potenziertes Malen<\/h1>\n<h3 class=\"heading h2\"><\/h3>\n<p>[\/et_pb_text][\/et_pb_column][\/et_pb_row][et_pb_row custom_padding_last_edited=&#8220;on|phone&#8220; _builder_version=&#8220;4.21.2&#8243; _module_preset=&#8220;default&#8220; width_tablet=&#8220;&#8220; width_phone=&#8220;100%&#8220; width_last_edited=&#8220;on|phone&#8220; module_alignment=&#8220;center&#8220; custom_margin_tablet=&#8220;&#8220; custom_margin_phone=&#8220;&#8220; custom_margin_last_edited=&#8220;on|phone&#8220; custom_padding_tablet=&#8220;&#8220; custom_padding_phone=&#8220;&#8220; global_colors_info=&#8220;{}&#8220;][et_pb_column type=&#8220;4_4&#8243; _builder_version=&#8220;4.21.2&#8243; _module_preset=&#8220;default&#8220; global_colors_info=&#8220;{}&#8220;][et_pb_text _builder_version=&#8220;4.21.2&#8243; _module_preset=&#8220;default&#8220; text_orientation=&#8220;center&#8220; width=&#8220;75%&#8220; width_tablet=&#8220;75%&#8220; width_phone=&#8220;100%&#8220; width_last_edited=&#8220;on|phone&#8220; max_width=&#8220;100%&#8220; max_width_tablet=&#8220;100%&#8220; max_width_phone=&#8220;100%&#8220; max_width_last_edited=&#8220;on|phone&#8220; module_alignment=&#8220;center&#8220; global_colors_info=&#8220;{}&#8220;]<\/p>\n<div id=\"shopify-section-template--21072315679023__9b2e08ef-5882-4398-be43-d6b769bba802\" class=\"shopify-section shopify-section--rich-text\">\n<section class=\"section \">\n<div>\n<div class=\"section__color-wrapper \">\n<div class=\"container \">\n<div class=\"content-box content-box--medium content-box--text-center content-box--center text-container\">\n<p style=\"text-align: center;\">Beurteilt man ein bacteriographisches Gem\u00e4lde nur nach seinem Erscheinungsbild, kann es auf den ersten Blick von klassischen Aquarellen, Acrylbildern und \u00c4hnlichem nicht immer unterschieden werden. <br \/>Das wirklich Neue an diesen Gem\u00e4lden ist erst mit dem Wissen um <br \/>den Entstehungsprozess zu erkennen und zu verstehen.<\/p>\n<\/div>\n<\/div>\n<\/div>\n<\/div>\n<\/section>\n<\/div>\n<div id=\"shopify-section-template--21072315679023__f88e1aec-69ff-4dba-9fa3-3244c55e3fd3\" class=\"shopify-section shopify-section--image-with-text\">\n<section class=\"section \">\n<div style=\"text-align: center;\"><\/div>\n<\/section>\n<\/div>\n<p>[\/et_pb_text][\/et_pb_column][\/et_pb_row][\/et_pb_section][et_pb_section fb_built=&#8220;1&#8243; _builder_version=&#8220;4.21.2&#8243; _module_preset=&#8220;default&#8220; global_colors_info=&#8220;{}&#8220;][et_pb_row column_structure=&#8220;1_2,1_2&#8243; _builder_version=&#8220;4.21.2&#8243; _module_preset=&#8220;default&#8220; global_colors_info=&#8220;{}&#8220;][et_pb_column type=&#8220;1_2&#8243; _builder_version=&#8220;4.21.2&#8243; _module_preset=&#8220;default&#8220; global_colors_info=&#8220;{}&#8220;][et_pb_image src=&#8220;https:\/\/micromacroart.com\/micro\/wp-content\/uploads\/2025\/09\/Potenziertes-Malen-Nr.15.jpeg&#8220; alt=&#8220;Potenziertes Malen Nr.13&#8243; title_text=&#8220;Potenziertes Malen Nr.15&#8243; _builder_version=&#8220;4.27.4&#8243; _module_preset=&#8220;default&#8220; global_colors_info=&#8220;{}&#8220;][\/et_pb_image][\/et_pb_column][et_pb_column type=&#8220;1_2&#8243; _builder_version=&#8220;4.21.2&#8243; _module_preset=&#8220;default&#8220; global_colors_info=&#8220;{}&#8220;][et_pb_text _builder_version=&#8220;4.21.2&#8243; _module_preset=&#8220;default&#8220; global_colors_info=&#8220;{}&#8220;]<\/p>\n<h1><b>Werdegang<\/b><\/h1>\n<p>[\/et_pb_text][et_pb_text _builder_version=&#8220;4.27.4&#8243; _module_preset=&#8220;default&#8220; global_colors_info=&#8220;{}&#8220;]<\/p>\n<p>Ich besch\u00e4ftige mich nun seit Juni 2024 mit einer Maltechnik, bei der schon das Erscheinungsbild auf eine neue Kunstrichtung deutet. Diese Art des Malens bezeichne ich auf Grund seines Entstehungsprozesses als <strong>POTENZIERTES MALEN<\/strong>.<\/p>\n<p>Das Potenzierte Malen ist eine besondere und sehr anspruchsvolle Art des bacteriographischen Malens. Mit dieser Maltechnik bringe ich Kunstwerke wortw\u00f6rtlich auf den Punkt. Die dabei entstehenden Bilder weisen kaum zusammenh\u00e4ngende Farbfl\u00e4chen auf. Sie bestehen \u00fcberwiegend aus Punkten, welche unterschiedlich dicht angeordnet und auch verschiedenfarbig sein k\u00f6nnen. Sie variieren in ihrer Gr\u00f6\u00dfe und manchmal weisen sie auch verschiedene Strukturen auf. Diese vielf\u00e4ltigen M\u00f6glichkeiten ergeben insgesamt ein sehr lebendiges Gesamtbild.<\/p>\n<p>[\/et_pb_text][\/et_pb_column][\/et_pb_row][\/et_pb_section][et_pb_section fb_built=&#8220;1&#8243; admin_label=&#8220;Header&#8220; _builder_version=&#8220;4.21.2&#8243; _module_preset=&#8220;default&#8220; custom_padding=&#8220;||||false|false&#8220; collapsed=&#8220;on&#8220; global_colors_info=&#8220;{}&#8220;][et_pb_row _builder_version=&#8220;4.21.2&#8243; _module_preset=&#8220;default&#8220; custom_margin=&#8220;0px||0px||false|false&#8220; custom_padding=&#8220;0px||0px||false|false&#8220; global_colors_info=&#8220;{}&#8220;][et_pb_column type=&#8220;4_4&#8243; _builder_version=&#8220;4.20.0&#8243; _module_preset=&#8220;default&#8220; global_colors_info=&#8220;{}&#8220;][et_pb_text _builder_version=&#8220;4.20.0&#8243; _module_preset=&#8220;305128c6-9813-4b79-b7b9-7139d3703b88&#8243; text_orientation=&#8220;center&#8220; global_colors_info=&#8220;{}&#8220;]<\/p>\n<h1>Das Malen<\/h1>\n<h3 class=\"heading h2\"><\/h3>\n<p>[\/et_pb_text][\/et_pb_column][\/et_pb_row][et_pb_row _builder_version=&#8220;4.21.2&#8243; _module_preset=&#8220;default&#8220; width_tablet=&#8220;&#8220; width_phone=&#8220;100%&#8220; width_last_edited=&#8220;on|phone&#8220; module_alignment_tablet=&#8220;&#8220; module_alignment_phone=&#8220;center&#8220; module_alignment_last_edited=&#8220;on|phone&#8220; global_colors_info=&#8220;{}&#8220;][et_pb_column type=&#8220;4_4&#8243; _builder_version=&#8220;4.21.2&#8243; _module_preset=&#8220;default&#8220; global_colors_info=&#8220;{}&#8220;][et_pb_text _builder_version=&#8220;4.21.2&#8243; _module_preset=&#8220;default&#8220; text_orientation=&#8220;center&#8220; width=&#8220;75%&#8220; width_tablet=&#8220;75%&#8220; width_phone=&#8220;100%&#8220; width_last_edited=&#8220;on|phone&#8220; max_width=&#8220;100%&#8220; module_alignment=&#8220;center&#8220; custom_margin_tablet=&#8220;&#8220; custom_margin_phone=&#8220;&#8220; custom_margin_last_edited=&#8220;on|phone&#8220; custom_padding_tablet=&#8220;&#8220; custom_padding_phone=&#8220;&#8220; custom_padding_last_edited=&#8220;on|phone&#8220; global_colors_info=&#8220;{}&#8220;]<\/p>\n<div id=\"shopify-section-template--21072315679023__9b2e08ef-5882-4398-be43-d6b769bba802\" class=\"shopify-section shopify-section--rich-text\">\n<section class=\"section \">\n<div>\n<div class=\"section__color-wrapper \">\n<div class=\"container \">\n<div class=\"content-box content-box--medium content-box--text-center content-box--center text-container\">\n<p style=\"text-align: center;\">Mein <strong>BACTERIOGRAFISCHER POINTILLISMUS<\/strong> hat mit dem Pointillismus, der am Ende des 19. Jahrhunderts das Repertoire der Impressionisten ma\u00dfgeblich erweiterte, zweierlei gemeinsam; einen Punktierstil und einen wissenschaftlichen Hintergrund. Die Gesetze der Optik, der Farb- und Lichtlehre waren damals f\u00fcr die Pointillisten richtungsweisend. In meinem Fall gelten die Regeln des bacteriographischen Malens, die ich erst nach l\u00e4ngerer Forschungsarbeit herausfinden konnte. Der wesentliche Unterschied zum Pointillismus der Impressionisten ist das Erscheinungsbild meiner Werke. Es entsteht dadurch, dass ich Punkte setze, die miteinander interagieren und ich male ausschlie\u00dflich mit lebenden Farben. Diese Vorgangsweise pr\u00e4gt das Erscheinungsbild meines Potenzierten Malens; siehe Bildteil. M\u00f6glicherweise etabliert sich diese Malvariante als neue Stilrichtung in der Kunst. Werke dieser Kunstrichtung werden als streng limitierte Pigmentkunstwerke angeboten.<\/p>\n<\/div>\n<\/div>\n<\/div>\n<\/div>\n<\/section>\n<\/div>\n<p>[\/et_pb_text][\/et_pb_column][\/et_pb_row][\/et_pb_section][et_pb_section fb_built=&#8220;1&#8243; _builder_version=&#8220;4.21.2&#8243; _module_preset=&#8220;default&#8220; global_colors_info=&#8220;{}&#8220;][et_pb_row _builder_version=&#8220;4.21.2&#8243; _module_preset=&#8220;default&#8220; custom_margin=&#8220;0px||0px||false|false&#8220; custom_padding=&#8220;0px||0px||false|false&#8220; global_colors_info=&#8220;{}&#8220;][et_pb_column type=&#8220;4_4&#8243; _builder_version=&#8220;4.20.0&#8243; _module_preset=&#8220;default&#8220; global_colors_info=&#8220;{}&#8220;][et_pb_text _builder_version=&#8220;4.21.2&#8243; _module_preset=&#8220;305128c6-9813-4b79-b7b9-7139d3703b88&#8243; text_orientation=&#8220;center&#8220; global_colors_info=&#8220;{}&#8220;]<\/p>\n<h1 class=\"heading h2\">Kunstwerke des POTENZIERTEn MALENs<\/h1>\n<h3 class=\"heading h2\"><\/h3>\n<p>[\/et_pb_text][\/et_pb_column][\/et_pb_row][\/et_pb_section][et_pb_section fb_built=&#8220;1&#8243; _builder_version=&#8220;4.21.2&#8243; _module_preset=&#8220;default&#8220; global_colors_info=&#8220;{}&#8220;][et_pb_row use_custom_gutter=&#8220;on&#8220; gutter_width=&#8220;2&#8243; _builder_version=&#8220;4.21.2&#8243; _module_preset=&#8220;default&#8220; width=&#8220;90%&#8220; max_width=&#8220;2560px&#8220; module_alignment=&#8220;center&#8220; global_colors_info=&#8220;{}&#8220;][et_pb_column type=&#8220;4_4&#8243; _builder_version=&#8220;4.21.2&#8243; _module_preset=&#8220;default&#8220; global_colors_info=&#8220;{}&#8220;][et_pb_gallery gallery_ids=&#8220;660,661,662,663,664,665,666,667,668,669,670,671,672,673,674,675&#8243; orientation=&#8220;portrait&#8220; show_title_and_caption=&#8220;off&#8220; show_pagination=&#8220;off&#8220; zoom_icon_color=&#8220;#000000&#8243; _builder_version=&#8220;4.27.4&#8243; _module_preset=&#8220;default&#8220; width=&#8220;100%&#8220; max_width=&#8220;100%&#8220; box_shadow_style_image=&#8220;preset1&#8243; global_colors_info=&#8220;{}&#8220;][\/et_pb_gallery][\/et_pb_column][\/et_pb_row][\/et_pb_section]<\/p>\n","protected":false},"excerpt":{"rendered":"<p>Potenziertes Malen Beurteilt man ein bacteriographisches Gem\u00e4lde nur nach seinem Erscheinungsbild, kann es auf den ersten Blick von klassischen Aquarellen, Acrylbildern und \u00c4hnlichem nicht immer unterschieden werden. Das wirklich Neue an diesen Gem\u00e4lden ist erst mit dem Wissen um den Entstehungsprozess zu erkennen und zu verstehen. WerdegangIch besch\u00e4ftige mich nun seit Juni 2024 mit einer [&hellip;]<\/p>\n","protected":false},"author":4,"featured_media":0,"parent":0,"menu_order":0,"comment_status":"closed","ping_status":"closed","template":"","meta":{"_et_pb_use_builder":"on","_et_pb_old_content":"","_et_gb_content_width":"","footnotes":""},"class_list":["post-393","page","type-page","status-publish","hentry"],"_links":{"self":[{"href":"https:\/\/micromacroart.com\/micro\/wp-json\/wp\/v2\/pages\/393","targetHints":{"allow":["GET"]}}],"collection":[{"href":"https:\/\/micromacroart.com\/micro\/wp-json\/wp\/v2\/pages"}],"about":[{"href":"https:\/\/micromacroart.com\/micro\/wp-json\/wp\/v2\/types\/page"}],"author":[{"embeddable":true,"href":"https:\/\/micromacroart.com\/micro\/wp-json\/wp\/v2\/users\/4"}],"replies":[{"embeddable":true,"href":"https:\/\/micromacroart.com\/micro\/wp-json\/wp\/v2\/comments?post=393"}],"version-history":[{"count":9,"href":"https:\/\/micromacroart.com\/micro\/wp-json\/wp\/v2\/pages\/393\/revisions"}],"predecessor-version":[{"id":783,"href":"https:\/\/micromacroart.com\/micro\/wp-json\/wp\/v2\/pages\/393\/revisions\/783"}],"wp:attachment":[{"href":"https:\/\/micromacroart.com\/micro\/wp-json\/wp\/v2\/media?parent=393"}],"curies":[{"name":"wp","href":"https:\/\/api.w.org\/{rel}","templated":true}]}}